 3*t + 5 = y, -t = -5*y + 9. Let x(u) = 4 - y*u + 0*u + 1 - 2. Determine x(7).
-11
Let m(d) = d**3 - 6*d**2 + 2*d. Let p be 1353/287 - 3/21*-2. Give m(p).
-15
Let r be 1/1 + (-21)/3. Let j = 46 - 41. Let t(u) = 6 + u**3 + u**2 + j + 4*u**2 - 6*u - 4. What is t(r)?
7
Let m be (8/10)/(2/5). Suppose 4*v + i = 16, 4*v - i + m = 26. Let d(b) = 9*b**2 + 4*b + 5. Let c(x) = 10*x**2 + 5*x + 6. Let o(w) = v*d(w) - 4*c(w). Give o(1).
6
Suppose 5*v + 5*z = -15, 0*v - 4*v = -2*z - 12. Let d(w) = -5*w**3 + w**2 - w + 2. Let c(q) = -9*q**3 + q**2 - q + 3. Let y(b) = -3*c(b) + 5*d(b). What is y(v)?
3
Let j(g) = -6*g + 115. Let m(y) = 3*y - 39. Let f(o) = -4*j(o) - 11*m(o). Give f(-4).
5
Suppose -3*x + 3*b + 17 = 4*b, 2*x - 15 = 3*b. Let d(j) = j + 3. Let n(k) = -k - 4. Let a(y) = 3*d(y) + 2*n(y). Give a(x).
7
Let l(w) = -w**3 - 8*w**2 - 7*w - 7. Let b be l(-7). Suppose -3*q + 3*j = 2 - 5, 2 = j. Let d(y) = 6*y - q*y**2 + 4*y**2 - 7*y + 8*y - 3. Give d(b).
-3
Let a(k) = -k + 11. Let g be a(6). Let c(p) = -5 - 5 + g - 5*p + 3. Let j be 2 + 0 + -1 - -1. What is c(j)?
-12
Let h(o) = -o**2 + o + 5. Let j be h(-5). Let m = 18 + j. Let t(g) = g**3 + 8*g**2 + 8*g - 1. Calculate t(m).
-8
Let d = 5 - 12. Suppose 3*o + 3*w - 2*w = 12, -4*o + 4*w = 0. Let m(r) = 13 - o*r + 2*r - 4 + 3*r. Determine m(d).
-5
Suppose -5*t - 2*y = 4 - 20, 5*t - y - 22 = 0. Let g(r) = -3 - 2*r + 1 - 2 + 0*r. Determine g(t).
-12
Let h(j) be the first derivative of -2*j**2 - 6*j - 8. Let a be (-6)/30 + (-38)/10. Let s(w) = 12*w + 17. Let i(m) = a*s(m) - 11*h(m). Calculate i(-2).
6
Let v(x) = 4*x - 2. Let h(t) = 5*t - 3. Let n(j) = -3*h(j) + 4*v(j). Let w = -352 - -352. Give n(w).
1
Let k = 17 + -10. Suppose -3*g - 2*x = -7, 0 = -3*g + k*g + 3*x - 11. Let c(w) = -1 + 0*w**2 - 3*w + 4*w**2 + 3*w. Determine c(g).
3
Let j(f) = f**3 - 6*f**2 + 2*f - 3. Let v be j(6). Let r(g) = g**2 - 2*g**2 + 1 + 2 + 8*g. Determine r(v).
-6
Let k = -553 + 555. Let f(l) = -3*l**3 + 3*l**2 - 2*l - 2. Give f(k).
-18
Suppose -u = 2*v - 0*u - 33, -v + 4*u + 30 = 0. Let w = 24 - v. Let s(m) = -m**3 + 6*m**2 + 6. What is s(w)?
6
Suppose 8 = 9*u - 5*u. Suppose 0 = u*v - 3*l - 12, 0 = v - 4*l - 10 - 1. Let b(d) = v*d - 2 - 2 - 2*d + 5. Determine b(-2).
-1
Let f(o) = -o**3 + 7*o**2 - 7*o + 8. Let b be f(6). Let w(t) = b*t**3 - t**3 + 8*t - 2*t**2 + 7 + 9*t**2. Let v(s) = 9*s + 30. Let n be v(-4). What is w(n)?
-5
Let z be 22/7 + 6/(-42). Let b(m) = z*m - 33 + m**3 + 18 - 4*m**2 + 17. Let n(k) = k**2 - 5*k - 3. Let w be n(6). What is b(w)?
2
Let q(y) = -3*y + 2. Let d be (1/(-1)*11)/((-4)/8). Let g be d/6 - 4/6. What is q(g)?
-7
Let h = -30 - -47. Suppose 0 = -3*d + h + 7. Suppose 0 = 5*q + j - 0*j - d, -4*q = j - 7. Let k(y) = -4*y. Determine k(q).
-4
Let m(n) be the first derivative of n**4/4 - 2*n**3 - n**2/2 + 2*n + 234. Calculate m(3).
-28
Suppose 0 = -0*q + 15*q. Let k(v) be the third derivative of 0*v**4 + 1/8*v**6 + 0*v**3 + q*v + 0 - 3*v**2 + 0*v**5. Calculate k(1).
15
Let p be (-18)/42*7/(-2). Let s(o) be the second derivative of 1/3*o**3 - 5*o + p*o**2 - 1/20*o**5 + 5/12*o**4 + 0. Calculate s(5).
13
Let f(j) = -42 + j**2 + 23 - j + 18 + 0*j. Let o(m) = 0*m + 4*m + 4 + 2*m. Let n(w) = -f(w) - o(w). Give n(-4).
1
Let r = 15 + -8. Suppose 3*o + r = -2*c, -4*c + 0*o + 1 = o. Let i(v) = -12*v**2 - 6*v + 9*v**2 - 1 + 8*v. What is i(c)?
-2
Let k(u) = -19*u**3 + 7*u**2 - 6*u + 20. Let a(r) = 7*r**3 - 2*r**2 + 2*r - 7. Let i(w) = -8*a(w) - 3*k(w). Give i(5).
6
Let q be (0 + 0)/(3 + -6 + 1). Suppose q = -12*v - 14 - 34. Let j(n) = -n**3 - 3*n**2 + 2*n - 2. Give j(v).
6
Let l(f) = -16*f + 76. Let j(z) be the third derivative of 4*z**2 + 5/2*z**3 + 0 - 1/8*z**4 + 0*z. Let d(a) = -11*j(a) + 2*l(a). Determine d(7).
-6
Let a(m) = -76141*m + 0 - 1 + 76136*m. Suppose 3*f = 2*d - 9, -f - 3*f - 1 = d. Give a(f).
4
Let z(w) be the first derivative of -2*w**3/3 - 11*w**2/2 - 9*w + 32. What is z(-5)?
-4
Let t(y) = -5*y - 6. Let w = -10 + 11. Let q = -7 + w. Calculate t(q).
24
Let m(u) = 0*u + 8*u + 0 + u**2 - 2. Suppose 3*h + 2 = b, -2 - 1 = h. Give m(b).
-9
Let y(f) = -f**3 - 12*f**2 + 12*f - 16. Let a be y(-13). Let j(l) = 4*l - 2 - 6*l**3 + 0*l - 4*l**3 - 3*l - 2*l**2 + 9*l**3. Give j(a).
4
Let y(i) = i - 3. Suppose -3*w + w = -118. Let u = w - 63. Give y(u).
-7
Let n = 14 + -12. Suppose -5*u - 6 = r - n*u, 0 = -u - 3. Let i(q) = -q**3 - 5*q**2 + 2*q**r + 0*q**2 + 4. Calculate i(5).
4
Let h(d) = 6*d + 1. Suppose 3*p = -32 + 47. Give h(p).
31
Let t = -1446 + 1450. Let o(q) = -2*q**2 + 8*q - 10. Give o(t).
-10
Let i(q) = 5*q - q - 3*q**2 - 5*q + q**3 - 2. Let p(j) = j**3 - 14*j**2 + 13*j + 3. Suppose 11*t - 4*t = 91. Let u be p(t). What is i(u)?
-5
Let t(m) = m**3 - 2*m**2 - 4. Let x be t(3). Suppose 6 = x*v + 21. Let l(y) = -3*y - 6*y**2 + 4 - 33*y**3 + 32*y**3 + y**2. Calculate l(v).
-5
Let b(u) = 8*u**2 - 1224*u + 8. Let y be b(153). Let r(h) = 7*h**2 + 4*h + 3*h - h**3 + h. Calculate r(y).
0
Let q(f) = 5*f - 12. Let u(l) = -12 - 8 - 6 + 9*l + 4. Let p(a) = -11*q(a) + 6*u(a). Determine p(-5).
5
Let j(x) = 2*x**3 - 25*x**2 - 8*x + 22. Let t(p) = -p**3 + 13*p**2 + 5*p - 11. Let y(h) = 3*j(h) + 5*t(h). Determine y(10).
21
Let k(l) = 24*l**3 + 10*l**2 + 7*l - 2. Let w(b) = 13*b**3 + 5*b**2 + 4*b - 1. Let a(y) = -6*k(y) + 11*w(y). Calculate a(-6).
25
Let o(f) = -f**3 + 9*f**2 + 11*f - 15. Suppose l + t - 5 = 0, -101*t + 106*t + 15 = -l. Calculate o(l).
-5
Let m(d) = 6*d**2 - 10*d + 12. Let h be m(2). Suppose 7 = -x - 5. Let k = x + h. Let g(b) = 4*b - 5. Give g(k).
11
Let j(t) = 2*t - 2. Let k be j(1). Suppose -n + k*n + 4 = 0. Let q(b) be the third derivative of b**4/24 - b**3/6 + b**2. Give q(n).
3
Let d(b) be the first derivative of 1/4*b**4 + 13 + b**3 + b - b**2. Give d(-4).
-7
Suppose u = -r - 4, 0 = -3*r + 4*u + u - 12. Let h(k) be the second derivative of k**4/6 + 7*k**3/6 + 3*k**2 + k. What is h(r)?
10
Suppose 3 = -z + q, -2*z - 10 = 3*q + 21. Let t(s) = -s**3 - 7*s**2 + 6*s - 1. Let v be t(z). Let o be (-2)/(((-12)/v)/2). Let f(p) = p + 2. Give f(o).
7
Let i(n) = 2*n - 1. Let a be i(6). Let w(j) = -j**2 + 9*j + 22. Calculate w(a).
0
Let p(c) = 0 - 170*c**2 + 1 + 162*c**2 - 7 + c + c**3. Calculate p(8).
2
Let h = -27 - -19. Let k = h - -16. Let t(p) = 2*p**2 - 5*p**2 + 7*p**3 - k*p**3 + 0 - 4 - 3*p. Determine t(-3).
5
Let i(u) = -u**3 - 2*u**2 - 3*u - 1. Let w = 247 + -248. Calculate i(w).
1
Suppose 3*n + 2*u = -8, -10 = -n + 5*n + 2*u. Let x be 1 + n*(-7)/(-2). Let t be 6*-2*2/x. Let k(l) = -l**2 + 3*l + 2. Calculate k(t).
-2
Let h(y) = y + 331 - 641 + 319 + y**2. Suppose -u = 3*t, 2*u = -4*t + 2*t. Determine h(u).
9
Let s(d) = d**2 + 11*d + 31. Suppose -22*c - 7*c = 232. Give s(c).
7
Let r be (0/7)/(-1 - (2 + 0)). Let f(c) = -c**3 + 6*c**2 - 5*c + 3. Let s be f(5). Let n(h) = h**3 + 2*h - 2*h + s. Determine n(r).
3
Let h(n) = 5*n**2 + 1 + 4*n + 3*n - 6*n**2 - 2*n + 3*n. Calculate h(8).
1
Suppose -5*r = -7 - 8. Suppose -1 = 2*n - r*n. Let j be -6*n/(-5)*-5. Let k(i) = -i**2 - 7*i - 2. Determine k(j).
4
Let g(w) = -w**3 + 2*w**2 + 19*w - 12. Let s(q) = 3*q**3 - 7*q**2 - 56*q + 35. Let k(b) = 8*g(b) + 3*s(b). Calculate k(7).
-5
Let h(a) = -a**2 + 7*a - 123*a**3 - 4*a**2 - a**2 + 124*a**3. Calculate h(5).
10
Suppose 6*o + 31 - 7 = 0. Let a(l) = -l**2 - 2*l - 5. Determine a(o).
-13
Let p(n) = n**3 + 5*n**2 + 5*n - 2. Suppose -3*a = 2*x + 17, a + 16 = -x + 9. Determine p(x).
-6
Let q(j) = 40 + 0*j**3 - j**3 + 51 - 73. Determine q(0).
18
Let v be ((-336)/20)/((-154)/(-160) + -1). Let b(z) = -v - 6*z + 448. Suppose -1 + 2 = a. What is b(a)?
-6
Let y(w) be the third derivative of -w**6/720 + 3*w**5/40 - w**4/12 - 15*w**2. Let u(b) be the second derivative of y(b). Determine u(0).
9
Let t(m) be the second derivative of -m**4/8 - m**3/6 + 6*m**2 + 14*m. Let i(b) be the first derivative of t(b). Let f = -2 - 0. What is i(f)?
5
Let h be (-7)/(-35) - 39/(-5). Let k(w) = -2*w**3 + h*w**3 + 1 + 9*w**3. Determine k(-1).
-14
Let n(h) = -14*h - 7*h + 16 + 38*h - 16*h. What is n(-11)?
5
Let a = -273 - -274. Let i(f) = 6*f**3 - 2*f**2 - f + 2. Give i(a).
5
Let a(j) = 3 + 25*j + 35*j + j**2 - 56*j. Let s(y) = y**3 + 11*y**2 + y + 8. Let p be s(-11). Give a(p).
0
Let y(b) = -b**3 + 2*b**2 - 1. Let t(n) = -n**3 + 8*n**2 - 2*n - 31. Let g be t(7